{"id":11,"date":"2024-09-06T16:55:45","date_gmt":"2024-09-06T19:55:45","guid":{"rendered":"https:\/\/marcelorochaoficial.com.br\/?page_id=11"},"modified":"2025-02-19T18:35:35","modified_gmt":"2025-02-19T21:35:35","slug":"marcelo-rocha","status":"publish","type":"page","link":"https:\/\/marcelorochaoficial.com.br\/","title":{"rendered":"Marcelo Rocha"},"content":{"rendered":"\t\t<div data-elementor-type=\"wp-page\" data-elementor-id=\"11\" class=\"elementor elementor-11\">\n\t\t\t\t<div class=\"elementor-element elementor-element-1a29545 e-con-full e-flex e-con e-parent\" data-id=\"1a29545\" data-element_type=\"container\" data-settings=\"{&quot;background_background&quot;:&quot;classic&quot;}\">\n\t\t\t\t<\/div>\n\t\t<div class=\"elementor-element elementor-element-9284995 e-flex e-con-boxed e-con e-parent\" data-id=\"9284995\" data-element_type=\"container\" data-settings=\"{&quot;background_background&quot;:&quot;classic&quot;}\">\n\t\t\t\t\t<div class=\"e-con-inner\">\n\t\t<div class=\"elementor-element elementor-element-ce19e7e e-con-full e-flex e-con e-child\" data-id=\"ce19e7e\" data-element_type=\"container\">\n\t\t\t\t<div class=\"elementor-element elementor-element-f29dd82 elementor-widget elementor-widget-image\" data-id=\"f29dd82\" data-element_type=\"widget\" data-widget_type=\"image.default\">\n\t\t\t\t<div class=\"elementor-widget-container\">\n\t\t\t<style>\/*! elementor - v3.23.0 - 05-08-2024 *\/\n.elementor-widget-image{text-align:center}.elementor-widget-image a{display:inline-block}.elementor-widget-image a img[src$=\".svg\"]{width:48px}.elementor-widget-image img{vertical-align:middle;display:inline-block}<\/style>\t\t\t\t\t\t\t\t\t\t<img fetchpriority=\"high\" decoding=\"async\" width=\"800\" height=\"800\" src=\"https:\/\/marcelorochaoficial.com.br\/wp-content\/uploads\/2025\/02\/marcelo.png\" class=\"attachment-large size-large wp-image-161\" alt=\"\" srcset=\"https:\/\/marcelorochaoficial.com.br\/wp-content\/uploads\/2025\/02\/marcelo.png 860w, https:\/\/marcelorochaoficial.com.br\/wp-content\/uploads\/2025\/02\/marcelo-300x300.png 300w, https:\/\/marcelorochaoficial.com.br\/wp-content\/uploads\/2025\/02\/marcelo-150x150.png 150w, https:\/\/marcelorochaoficial.com.br\/wp-content\/uploads\/2025\/02\/marcelo-768x768.png 768w\" sizes=\"(max-width: 800px) 100vw, 800px\" \/>\t\t\t\t\t\t\t\t\t\t\t\t\t<\/div>\n\t\t\t\t<\/div>\n\t\t\t\t<\/div>\n\t\t<div class=\"elementor-element elementor-element-2008d2f e-con-full e-flex e-con e-child\" data-id=\"2008d2f\" data-element_type=\"container\">\n\t\t\t\t<div class=\"elementor-element elementor-element-afc426b elementor-widget elementor-widget-heading\" data-id=\"afc426b\" data-element_type=\"widget\" data-widget_type=\"heading.default\">\n\t\t\t\t<div class=\"elementor-widget-container\">\n\t\t\t<style>\/*! elementor - v3.23.0 - 05-08-2024 *\/\n.elementor-heading-title{padding:0;margin:0;line-height:1}.elementor-widget-heading .elementor-heading-title[class*=elementor-size-]>a{color:inherit;font-size:inherit;line-height:inherit}.elementor-widget-heading .elementor-heading-title.elementor-size-small{font-size:15px}.elementor-widget-heading .elementor-heading-title.elementor-size-medium{font-size:19px}.elementor-widget-heading .elementor-heading-title.elementor-size-large{font-size:29px}.elementor-widget-heading .elementor-heading-title.elementor-size-xl{font-size:39px}.elementor-widget-heading .elementor-heading-title.elementor-size-xxl{font-size:59px}<\/style><h2 class=\"elementor-heading-title elementor-size-default\">Minha Hist\u00f3ria<\/h2>\t\t<\/div>\n\t\t\t\t<\/div>\n\t\t\t\t<div class=\"elementor-element elementor-element-34db0f7 elementor-widget elementor-widget-text-editor\" data-id=\"34db0f7\" data-element_type=\"widget\" data-widget_type=\"text-editor.default\">\n\t\t\t\t<div class=\"elementor-widget-container\">\n\t\t\t<style>\/*! elementor - v3.23.0 - 05-08-2024 *\/\n.elementor-widget-text-editor.elementor-drop-cap-view-stacked .elementor-drop-cap{background-color:#69727d;color:#fff}.elementor-widget-text-editor.elementor-drop-cap-view-framed .elementor-drop-cap{color:#69727d;border:3px solid;background-color:transparent}.elementor-widget-text-editor:not(.elementor-drop-cap-view-default) .elementor-drop-cap{margin-top:8px}.elementor-widget-text-editor:not(.elementor-drop-cap-view-default) .elementor-drop-cap-letter{width:1em;height:1em}.elementor-widget-text-editor .elementor-drop-cap{float:left;text-align:center;line-height:1;font-size:50px}.elementor-widget-text-editor .elementor-drop-cap-letter{display:inline-block}<\/style>\t\t\t\t<p>Marcelo Rocha \u00e9 Bacharel em Ci\u00eancias Cont\u00e1beis, Mestre em Educa\u00e7\u00e3o, Comunica\u00e7\u00e3o e Administra\u00e7\u00e3o, e Licenciado em Matem\u00e1tica.<\/p><p>Possui experi\u00eancia profissional, tendo atuado no Banco Nacional da Pra\u00e7a Bar\u00e3o, na sequ\u00eancia como servidor p\u00fablico nas \u00e1reas da educa\u00e7\u00e3o e seguran\u00e7a, e depois como concursado na Codesavi no setor cont\u00e1bil, onde posteriormente exerceu a fun\u00e7\u00e3o de superintendente de administra\u00e7\u00e3o.<\/p><p>Al\u00e9m disso, possui vasta experi\u00eancia como professor, coordenador e diretor em institui\u00e7\u00f5es de ensino superior.<\/p><p>Marcelo tamb\u00e9m atuou como Delegado do Conselho Regional de Contabilidade de S\u00e3o Paulo (CRCSP) na cidade por mais de 12 anos.<\/p><p>Desde 2001, desenvolve atividades empreendedoras no ramo da contabilidade, contribuindo para a gera\u00e7\u00e3o de emprego e renda na cidade.<\/p>\t\t\t\t\t\t<\/div>\n\t\t\t\t<\/div>\n\t\t\t\t<\/div>\n\t\t\t\t\t<\/div>\n\t\t\t\t<\/div>\n\t\t\t\t<\/div>\n\t\t","protected":false},"excerpt":{"rendered":"<p>Minha Hist\u00f3ria Marcelo Rocha \u00e9 Bacharel em Ci\u00eancias Cont\u00e1beis, Mestre em Educa\u00e7\u00e3o, Comunica\u00e7\u00e3o e Administra\u00e7\u00e3o, e Licenciado em Matem\u00e1tica. Possui experi\u00eancia profissional, tendo atuado no Banco Nacional da Pra\u00e7a Bar\u00e3o, na sequ\u00eancia como servidor p\u00fablico nas \u00e1reas da educa\u00e7\u00e3o e seguran\u00e7a, e depois como concursado na Codesavi no setor cont\u00e1bil, onde posteriormente exerceu a fun\u00e7\u00e3o [&hellip;]<\/p>\n","protected":false},"author":1,"featured_media":0,"parent":0,"menu_order":0,"comment_status":"closed","ping_status":"closed","template":"elementor_canvas","meta":{"footnotes":""},"class_list":["post-11","page","type-page","status-publish","hentry"],"_links":{"self":[{"href":"https:\/\/marcelorochaoficial.com.br\/index.php?rest_route=\/wp\/v2\/pages\/11","targetHints":{"allow":["GET"]}}],"collection":[{"href":"https:\/\/marcelorochaoficial.com.br\/index.php?rest_route=\/wp\/v2\/pages"}],"about":[{"href":"https:\/\/marcelorochaoficial.com.br\/index.php?rest_route=\/wp\/v2\/types\/page"}],"author":[{"embeddable":true,"href":"https:\/\/marcelorochaoficial.com.br\/index.php?rest_route=\/wp\/v2\/users\/1"}],"replies":[{"embeddable":true,"href":"https:\/\/marcelorochaoficial.com.br\/index.php?rest_route=%2Fwp%2Fv2%2Fcomments&post=11"}],"version-history":[{"count":127,"href":"https:\/\/marcelorochaoficial.com.br\/index.php?rest_route=\/wp\/v2\/pages\/11\/revisions"}],"predecessor-version":[{"id":164,"href":"https:\/\/marcelorochaoficial.com.br\/index.php?rest_route=\/wp\/v2\/pages\/11\/revisions\/164"}],"wp:attachment":[{"href":"https:\/\/marcelorochaoficial.com.br\/index.php?rest_route=%2Fwp%2Fv2%2Fmedia&parent=11"}],"curies":[{"name":"wp","href":"https:\/\/api.w.org\/{rel}","templated":true}]}}